4
Let t = 456 - 449. Let v be (-5 - t)/3 - -66. What is the greatest common divisor of 682 and v?
62
Suppose -4*u = -r - 11, -5*r = 4*u - 5*u - 2. Suppose -225 = -5*t + 5*q - 10*q, -3*q = -u*t + 153. Calculate the greatest common divisor of 3 and t.
3
Let h = -1790 + 1922. Calculate the greatest common factor of 372 and h.
12
Let d be 1 + (-8)/4 + (7 - 2). Let g = -840 + 932. Calculate the highest common factor of g and d.
4
Let z be 1 + (-8)/16*2. Suppose z = -i + 4*p + 13, 4*i - 2*p - 1 = 9. Calculate the highest common divisor of 16 and i.
1
Let t(w) = -w**2 - 65*w - 499. Let g be t(-56). Calculate the highest common factor of g and 2155.
5
Suppose 0 = -2*c - 4*q + 332, -c - 5*q + 85 + 54 = 0. Calculate the greatest common factor of c and 376.
8
Suppose 4*y - 72 = 2*y. Suppose -666 - 2590 = -12*k + 141 + 1067. Calculate the highest common divisor of k and y.
12
Suppose -4*k + 2*f = -13402, -3*k + 10046 = 105*f - 101*f. What is the highest common divisor of 50 and k?
50
Suppose f = 2*d - 1, 0*f + f = -3*d + 4. Suppose 33*w - 2641 + 2509 = 0. Calculate the highest common factor of d and w.
1
Let y = 57 + -53. Suppose -2*i = f - 21, 5*f = y*i + 92 + 41. What is the highest common divisor of 250 and f?
25
Let b = -356 - -361. Suppose 0 = -0*s - s + 16. Let l = s + 9. What is the highest common factor of b and l?
5
Suppose -s - 151 = 4*h - 673, 0 = h - 2*s - 135. Calculate the highest common divisor of 11 and h.
1
Let f = -564 + 580. Let x(g) = g - 20. Let h be x(18). Let j(d) = -d. Let v be j(h). Calculate the highest common factor of f and v.
2
Suppose 0 = -2*m - l + 1214, 0 = 8*m - 7*m - 2*l - 617. What is the highest common factor of m and 261?
87
Let y be (-8)/(-2) + (128/8 - 2). Let r(k) = -10*k + 184. Let f be r(y). What is the highest common divisor of 4 and f?
4
Suppose 36657 = 4*k - 5*f, 9*f = 3*k + 7*f - 27491. What is the highest common factor of 34 and k?
17
Suppose 132 = 5*i + 2*x, 2*i + 3*x - 2*x - 52 = 0. Let t = -110955 - -111046. What is the greatest common factor of t and i?
7
Suppose 0 = -j - b - 57 + 66, 4*j - 38 = -3*b. What is the greatest common divisor of 35255 and j?
11
Suppose 360*d - 595 = 359*d. Calculate the greatest common divisor of d and 935.
85
Suppose -3*v = 2*u - v - 15856, -23781 = -3*u - 4*v. Let m = u - 3421. Suppose 3*q + 7*q - m = 0. What is the greatest common divisor of q and 41?
41
Suppose -4*u - 1345*w = -1349*w - 82824, 20706 = u - 3*w. Calculate the highest common factor of 348 and u.
174
Let i be 1 - 2 - -8 - 920/(-10). Calculate the highest common factor of i and 2112.
33
Suppose -t = -x - 11, -6*t + 70 = 5*x - 7. Let q(o) = -4*o**2 + o - 1. Let j be q(2). Let p be t/j*(-15)/6. What is the highest common divisor of 14 and p?
2
Suppose -172 = -y - 3*s - 125, 5*s = 5*y - 295. What is the highest common divisor of 13160 and y?
56
Let u(h) = h**3 - 35*h**2 - 3*h + 119. Let k be u(35). Suppose -9*y = -8*y - 112. What is the highest common factor of y and k?
14
Let q(o) = -o. Let m(n) = n - 45. Let h(s) = -2*m(s) - 6*q(s). Let p be h(-20). What is the highest common divisor of 100 and p?
10
Let p = -44 - -39. Let h be (40/(-16))/(p/(-2) - 3). Let c be (-4*h/(-30))/(3/162). Calculate the greatest common divisor of c and 288.
36
Let s be (-2)/3 + (-872)/(-12). Let l be (-93)/(-5) - 12/20. What is the highest common divisor of l and s?
18
Let h(f) = f**3 + 3*f**2 - 1. Let j be h(-2). Let d be j*(-7 + 928/24). Calculate the greatest common divisor of 76 and d.
19
Suppose c + 914 = 4*q, 4*q - 9*q + 2*c = -1141. Suppose -7*u + 149 = -q. Calculate the greatest common divisor of 30 and u.
6
Let r be -119*(-14 - (-3 + -8)). What is the greatest common factor of r and 273?
21
Suppose r - 1905 = -4*d, 2*r - 1423 = -3*d + 7*r. Let w = d + -274. Let h = w - 114. What is the highest common divisor of 8 and h?
8
Suppose -357 = -h - 81. Let j = -166 + h. Suppose -y - 221 = -14*y - 91. What is the greatest common factor of j and y?
10
Let m = -328 - -1064. Calculate the highest common divisor of 161 and m.
23
Suppose 7*w - w = -6*w + 2016. What is the greatest common divisor of w and 588?
84
Let r be (1 - 9)*(-217 - -213). Let c(o) = o**2 + o + 80. Let i be c(0). Calculate the highest common divisor of i and r.
16
Suppose -2*l + 327 = 35*o, -639 = -2*l + o - 60. Let h(s) = 8*s**2 + 3*s - 3. Let c be h(3). Calculate the highest common factor of l and c.
26
Let n(g) = 415*g - 2050. Let q be n(53). What is the highest common divisor of q and 5?
5
Suppose -3172 = -83*u + 1144. Let m be (-24)/(-18)*(-6)/4. Let z be (-52)/m*10/2. What is the greatest common divisor of u and z?
26
Let s = 33 - 17. Let i(a) = -3*a**2 - 62*a + 312. Let p be i(-24). Let k = p + s. What is the greatest common factor of k and 22?
22
Let x = -1648 - -1849. What is the highest common divisor of 1273 and x?
67
Let y = 53 - 25. Suppose 117*v - 1591 = 47. What is the highest common divisor of v and y?
14
Let k be (0 - 10)/(((-296)/10512)/37). Calculate the greatest common divisor of k and 720.
180
Let c be (203/5)/1*(44 + -39). Calculate the highest common factor of c and 232.
29
Let v = -935 + 2292. What is the greatest common divisor of 46 and v?
23
Suppose -12*c - 4797 = -4*c - 10317. What is the highest common divisor of 92 and c?
46
Suppose -4*a + 3568 = 5*s, -3*a - 3*s = 2*s - 2666. Calculate the highest common factor of a and 66.
22
Suppose 3*x - 18*w = -16*w + 2333, -5*w - 2318 = -3*x. Calculate the highest common divisor of 110 and x.
11
Let m(b) = 14*b**2 + 3*b + 3. Let r = -45 - -44. Let v be m(r). Calculate the greatest common factor of 350 and v.
14
Let k(c) = c**2 + 196*c - 8060. Let g be k(35). What is the highest common factor of g and 2705?
5
Suppose -23059 = 6*z - 9*z + 2*u, 0 = 5*u + 10. Suppose -48*i = -19*i - z. Calculate the greatest common divisor of 212 and i.
53
Let i be 2160/405*121*3. Calculate the highest common divisor of i and 220.
44
Let m be (-10)/30 - (-4 - 4/(-6)). Let g be -4 + (4 - (2 - 2)). Suppose -3*d + 111 - 12 = g. Calculate the highest common divisor of d and m.
3
Let n(k) = 3*k**2 - 21*k + 8. Let h be ((-20 + 17)/(3/8))/(-1). Let p be n(h). What is the highest common factor of 672 and p?
32
Let a(d) = 11*d**2 + 4*d + 5. Let j be a(-2). Let w = 79 - j. Suppose q - 5*m - 19 + 0 = 0, 3*q = -4*m + w. Calculate the highest common factor of q and 154.
14
Let u be (((-608)/(-48))/(-19))/((-5)/1740). What is the greatest common divisor of 248 and u?
8
Suppose 9348 = i - 4*u, -7*i = -4*i - u - 28121. Calculate the greatest common factor of 32 and i.
32
Suppose -5*u = -4*c + 36, 0*c = -c + 4. Let p be (((-9)/15)/(-1))/(u/(-280)). Calculate the highest common divisor of 48 and p.
6
Let g(f) = 18*f - 4. Let h be g(3). Let k(i) = 25*i**2 + 22*i + 1. Let x be k(3). Suppose -708 - x = -10*a. What is the highest common divisor of h and a?
50
Suppose -2*a + 2231 + 201 = 0. Let g = -2310 + 2374. What is the greatest common divisor of g and a?
64
Let k be 9/(1 + 2) + -2 + 6. Let g be k/((-98)/(-273))*2. Calculate the highest common divisor of 6 and g.
3
Let n(f) = 653*f - 119. Let c be n(2). Let j = c + -1034. Calculate the greatest common factor of 136 and j.
17
Suppose -11*g + 13*g - f - 13 = 0, 4*f = -3*g + 3. Let h = 120 + -80. Calculate the highest common divisor of g and h.
5
Let d(u) = 162*u + 346. Let v be d(-2). Suppose 0 = -2*z + 118 + 34. Let h = -54 + z. Calculate the greatest common factor of h and v.
22
Let f(d) = 8*d - 85. Let h be f(22). Suppose -14*r + h = -r. Calculate the greatest common divisor of r and 112.
7
Suppose -232 = -4*a + 5*o + 198, 4*o + 428 = 4*a. Let b = a - 90. Let m be 1077/9 + 1/3. What is the greatest common factor of b and m?
15
Suppose 3*m + i - 88 = 0, 21 - 27 = 3*i. Let o be m/(-4)*204/(-153). What is the highest common factor of o and 55?
5
Let s(j) = 74*j**3 + 0 - 73*j**3 + 3. Let w be s(2). Let k = 33 - w. What is the highest common divisor of 66 and k?
22
Let c be (-1 + 1/(-5))/((-28728)/(-1200) - 24). What is the highest common factor of 8780 and c?
20
Suppose 4*o = -3*n + 51, -o - 167*n + 170*n + 39 = 0. What is the highest common divisor of o and 723?
3
Let t(n) = 126*n**2 + n + 1. Let o be t(-1). Let v(g) = 263*g - 3405. Let s be v(13). What is the greatest common factor of o 